{"id":1140,"date":"2021-08-23T06:40:14","date_gmt":"2021-08-23T06:40:14","guid":{"rendered":"https:\/\/demoapus2.com\/oworganic\/?page_id=1140"},"modified":"2022-05-26T10:05:20","modified_gmt":"2022-05-26T13:05:20","slug":"clinica-solares-sobre","status":"publish","type":"page","link":"https:\/\/solarisclinicaudi.com.br\/index.php\/clinica-solares-sobre\/","title":{"rendered":"Cl\u00ednica Solaris"},"content":{"rendered":"\t\t<div data-elementor-type=\"wp-page\" data-elementor-id=\"1140\" class=\"elementor elementor-1140\">\n\t\t\t\t\t\t<section class=\"elementor-section elementor-top-section elementor-element elementor-element-5096442 elementor-section-content-middle elementor-section-stretched elementor-section-boxed elementor-section-height-default elementor-section-height-default\" data-id=\"5096442\" data-element_type=\"section\" data-e-type=\"section\" data-settings=\"{&quot;stretch_section&quot;:&quot;section-stretched&quot;}\">\n\t\t\t\t\t\t<div class=\"elementor-container elementor-column-gap-extended\">\n\t\t\t\t\t<div class=\"elementor-column elementor-col-33 elementor-top-column elementor-element elementor-element-9383b96\" data-id=\"9383b96\" data-element_type=\"column\" data-e-type=\"column\">\n\t\t\t<div class=\"elementor-widget-wrap elementor-element-populated\">\n\t\t\t\t\t\t<div class=\"elementor-element elementor-element-5bb75d9 animated-fast elementor-invisible elementor-widget elementor-widget-text-editor\" data-id=\"5bb75d9\" data-element_type=\"widget\" data-e-type=\"widget\" data-settings=\"{&quot;_animation&quot;:&quot;fadeInUp&quot;}\" data-widget_type=\"text-editor.default\">\n\t\t\t\t<div class=\"elementor-widget-container\">\n\t\t\t\t\t\t\t\t\t<p>Solaris cl\u00ednica<\/p>\t\t\t\t\t\t\t\t<\/div>\n\t\t\t\t<\/div>\n\t\t\t\t<div class=\"elementor-element elementor-element-b214670 animated-fast elementor-invisible elementor-widget elementor-widget-heading\" data-id=\"b214670\" data-element_type=\"widget\" data-e-type=\"widget\" data-settings=\"{&quot;_animation&quot;:&quot;fadeInUp&quot;}\" data-widget_type=\"heading.default\">\n\t\t\t\t<div class=\"elementor-widget-container\">\n\t\t\t\t\t<h2 class=\"elementor-heading-title elementor-size-default\">Conhe\u00e7a a nossa hist\u00f3ria<\/h2>\t\t\t\t<\/div>\n\t\t\t\t<\/div>\n\t\t\t\t<div class=\"elementor-element elementor-element-c1b51f2 animated-fast elementor-invisible elementor-widget elementor-widget-text-editor\" data-id=\"c1b51f2\" data-element_type=\"widget\" data-e-type=\"widget\" data-settings=\"{&quot;_animation&quot;:&quot;fadeInUp&quot;}\" data-widget_type=\"text-editor.default\">\n\t\t\t\t<div class=\"elementor-widget-container\">\n\t\t\t\t\t\t\t\t\t<p>\u00a0<\/p><p>Sabemos bem o qu\u00e3o importante \u00e9 a autoestima e o bem estar para nossa sa\u00fade e mente. Pessoas confiantes e seguras, geralmente s\u00e3o mais felizes, o que reflete em nosso dia-a-dia, no trabalho, em casa, em nossos resultados.<\/p><p>Com a miss\u00e3o de ajudar nossos pacientes na sua satisfa\u00e7\u00e3o com o corpo e mente a Solaris Vita se dedica a oferecer os mais eficientes tratamentos est\u00e9ticos faciais e corporais do mercado, de forma profissional, segura e respaldada pelo conhecimento cient\u00edfico.<\/p>\t\t\t\t\t\t\t\t<\/div>\n\t\t\t\t<\/div>\n\t\t\t\t\t<\/div>\n\t\t<\/div>\n\t\t\t\t<div class=\"elementor-column elementor-col-33 elementor-top-column elementor-element elementor-element-24cde42\" data-id=\"24cde42\" data-element_type=\"column\" data-e-type=\"column\" data-settings=\"{&quot;background_background&quot;:&quot;classic&quot;}\">\n\t\t\t<div class=\"elementor-widget-wrap elementor-element-populated\">\n\t\t\t\t\t\t<div class=\"elementor-element elementor-element-41be4e9 elementor-widget elementor-widget-spacer\" data-id=\"41be4e9\" data-element_type=\"widget\" data-e-type=\"widget\" data-widget_type=\"spacer.default\">\n\t\t\t\t<div class=\"elementor-widget-container\">\n\t\t\t\t\t\t\t<div class=\"elementor-spacer\">\n\t\t\t<div class=\"elementor-spacer-inner\"><\/div>\n\t\t<\/div>\n\t\t\t\t\t\t<\/div>\n\t\t\t\t<\/div>\n\t\t\t\t\t<\/div>\n\t\t<\/div>\n\t\t\t\t<div class=\"elementor-column elementor-col-33 elementor-top-column elementor-element elementor-element-60773ce\" data-id=\"60773ce\" data-element_type=\"column\" data-e-type=\"column\">\n\t\t\t<div class=\"elementor-widget-wrap elementor-element-populated\">\n\t\t\t\t\t\t<div class=\"elementor-element elementor-element-fcf1740 elementor-widget elementor-widget-text-editor\" data-id=\"fcf1740\" data-element_type=\"widget\" data-e-type=\"widget\" data-widget_type=\"text-editor.default\">\n\t\t\t\t<div class=\"elementor-widget-container\">\n\t\t\t\t\t\t\t\t\t<p><span style=\"background-color: transparent; color: #3f3a6d; font-family: var(--oworganic-main-font), Helvetica, Arial, sans-serif; font-weight: var(--oworganic-main-font-weight);\">Atrav\u00e9s de uma avalia\u00e7\u00e3o minuciosa, Dra. Priscila Naves indica os tratamentos adequados para cada paciente. Os tratamentos v\u00e3o desde procedimentos minimamente invasivos e de harmoniza\u00e7\u00e3o facial, tais como aplica\u00e7\u00e3o de toxina botul\u00ednica (Botox), preenchimentos, estimuladores naturais do col\u00e1geno como Sculptra e fios de PDO, sustenta\u00e7\u00e3o da face com Sutura Silhouette, microagulhamento, intradermoterapia, ellans\u00e9, at\u00e9 procedimentos invasivos, realizados em centro cir\u00fargicos, como cirurgia de p\u00e1lpebra e retirada de tumores de pele, dentre outros tratamentos.<\/span><\/p><p><span style=\"background-color: transparent; color: #3f3a6d; font-family: var(--oworganic-main-font), Helvetica, Arial, sans-serif; font-weight: var(--oworganic-main-font-weight);\">A Solaris Vita possui uma equipe de profissionais altamente capacitadas, esteticistas e fisioterapeutas, especializadas em limpezas de pele, lipocavita\u00e7\u00e3o, drenagem linf\u00e1tica, depila\u00e7\u00e3o a laser, micropigmenta\u00e7\u00e3o, tratamentos para estrias Striort, massagens de relaxamento, p\u00f3s-operat\u00f3ria, para gestantes, entre outras op\u00e7\u00f5es.<\/span><\/p><p><span style=\"margin: 0px; padding: 0px; border: 0px; outline: 0px; vertical-align: baseline; background: transparent; color: #3f3a6d;\">Al\u00e9m disso, a Solaris Vita possui instala\u00e7\u00f5es e infraestrutura moderna e confort\u00e1vel, e equipamentos de \u00faltima gera\u00e7\u00e3o, como a radiofrequ\u00eancia Spectra G3,\u00a0laser LightSheer, Manthus e Liposoon, que potencializam os resultados dos procedimentos. Tudo para oferecer uma experi\u00eancia inesquec\u00edvel e a satisfa\u00e7\u00e3o de seus pacientes.<\/span><\/p>\t\t\t\t\t\t\t\t<\/div>\n\t\t\t\t<\/div>\n\t\t\t\t\t<\/div>\n\t\t<\/div>\n\t\t\t\t\t<\/div>\n\t\t<\/section>\n\t\t\t\t<section class=\"elementor-section elementor-top-section elementor-element elementor-element-ea51383 elementor-section-stretched elementor-section-boxed elementor-section-height-default elementor-section-height-default\" data-id=\"ea51383\" data-element_type=\"section\" data-e-type=\"section\" data-settings=\"{&quot;stretch_section&quot;:&quot;section-stretched&quot;,&quot;background_background&quot;:&quot;classic&quot;}\">\n\t\t\t\t\t\t<div class=\"elementor-container elementor-column-gap-extended\">\n\t\t\t\t\t<div class=\"elementor-column elementor-col-100 elementor-top-column elementor-element elementor-element-01ba093 animated-fast elementor-invisible\" data-id=\"01ba093\" data-element_type=\"column\" data-e-type=\"column\" data-settings=\"{&quot;animation&quot;:&quot;fadeInUp&quot;,&quot;animation_delay&quot;:300}\">\n\t\t\t<div class=\"elementor-widget-wrap elementor-element-populated\">\n\t\t\t\t\t\t<div class=\"elementor-element elementor-element-bf67206 elementor-widget elementor-widget-heading\" data-id=\"bf67206\" data-element_type=\"widget\" data-e-type=\"widget\" data-widget_type=\"heading.default\">\n\t\t\t\t<div class=\"elementor-widget-container\">\n\t\t\t\t\t<h1 class=\"elementor-heading-title elementor-size-default\">O cuidado que voc\u00ea merece, com os melhores profissionais!<\/h1>\t\t\t\t<\/div>\n\t\t\t\t<\/div>\n\t\t\t\t\t<\/div>\n\t\t<\/div>\n\t\t\t\t\t<\/div>\n\t\t<\/section>\n\t\t\t\t<section class=\"elementor-section elementor-top-section elementor-element elementor-element-a1cf7e0 elementor-section-content-middle elementor-section-stretched elementor-section-boxed elementor-section-height-default elementor-section-height-default\" data-id=\"a1cf7e0\" data-element_type=\"section\" data-e-type=\"section\" data-settings=\"{&quot;stretch_section&quot;:&quot;section-stretched&quot;}\">\n\t\t\t\t\t\t<div class=\"elementor-container elementor-column-gap-extended\">\n\t\t\t\t\t<div class=\"elementor-column elementor-col-50 elementor-top-column elementor-element elementor-element-5e5cc50\" data-id=\"5e5cc50\" data-element_type=\"column\" data-e-type=\"column\" data-settings=\"{&quot;background_background&quot;:&quot;classic&quot;}\">\n\t\t\t<div class=\"elementor-widget-wrap elementor-element-populated\">\n\t\t\t\t\t\t<div class=\"elementor-element elementor-element-011260c elementor-widget elementor-widget-spacer\" data-id=\"011260c\" data-element_type=\"widget\" data-e-type=\"widget\" data-widget_type=\"spacer.default\">\n\t\t\t\t<div class=\"elementor-widget-container\">\n\t\t\t\t\t\t\t<div class=\"elementor-spacer\">\n\t\t\t<div class=\"elementor-spacer-inner\"><\/div>\n\t\t<\/div>\n\t\t\t\t\t\t<\/div>\n\t\t\t\t<\/div>\n\t\t\t\t\t<\/div>\n\t\t<\/div>\n\t\t\t\t<div class=\"elementor-column elementor-col-50 elementor-top-column elementor-element elementor-element-e3ec3ed\" data-id=\"e3ec3ed\" data-element_type=\"column\" data-e-type=\"column\">\n\t\t\t<div class=\"elementor-widget-wrap elementor-element-populated\">\n\t\t\t\t\t\t<div class=\"elementor-element elementor-element-383fe15 animated-fast elementor-invisible elementor-widget elementor-widget-text-editor\" data-id=\"383fe15\" data-element_type=\"widget\" data-e-type=\"widget\" data-settings=\"{&quot;_animation&quot;:&quot;fadeInUp&quot;}\" data-widget_type=\"text-editor.default\">\n\t\t\t\t<div class=\"elementor-widget-container\">\n\t\t\t\t\t\t\t\t\t<p>Solaris Cl\u00ednica<\/p>\t\t\t\t\t\t\t\t<\/div>\n\t\t\t\t<\/div>\n\t\t\t\t<div class=\"elementor-element elementor-element-02ed785 animated-fast elementor-invisible elementor-widget elementor-widget-heading\" data-id=\"02ed785\" data-element_type=\"widget\" data-e-type=\"widget\" data-settings=\"{&quot;_animation&quot;:&quot;fadeInUp&quot;}\" data-widget_type=\"heading.default\">\n\t\t\t\t<div class=\"elementor-widget-container\">\n\t\t\t\t\t<h2 class=\"elementor-heading-title elementor-size-default\">Dr\u00aa. Priscila Naves<\/h2>\t\t\t\t<\/div>\n\t\t\t\t<\/div>\n\t\t\t\t<div class=\"elementor-element elementor-element-78315b3 animated-fast elementor-invisible elementor-widget elementor-widget-text-editor\" data-id=\"78315b3\" data-element_type=\"widget\" data-e-type=\"widget\" data-settings=\"{&quot;_animation&quot;:&quot;fadeInUp&quot;}\" data-widget_type=\"text-editor.default\">\n\t\t\t\t<div class=\"elementor-widget-container\">\n\t\t\t\t\t\t\t\t\t<p>M\u00e9dica formada pela Universidade Federal do Triangulo Mineiro, com resid\u00eancia m\u00e9dica em Oftalmologia tamb\u00e9m pela UFTM, especializa\u00e7\u00e3o em Pl\u00e1stica Ocular pela Santa Casa de S\u00e3o Paulo, p\u00f3s-gradua\u00e7\u00e3o em Medicina Est\u00e9tica pelo Instituto Brasileiro de Ensino \u2013 ISBRAE e diversas forma\u00e7\u00f5es sobre temas avan\u00e7ados da medicina est\u00e9tica no Brasil e exterior, recentemente esteve no Internation Anatomy and Aesthetic Course-IAAC no M.A.R.C. em Miami e trouxe v\u00e1rias t\u00e9cnicas inovadoras.<\/p>\t\t\t\t\t\t\t\t<\/div>\n\t\t\t\t<\/div>\n\t\t\t\t<div class=\"elementor-element elementor-element-512a6df elementor-widget elementor-widget-video\" data-id=\"512a6df\" data-element_type=\"widget\" data-e-type=\"widget\" data-settings=\"{&quot;video_type&quot;:&quot;hosted&quot;,&quot;controls&quot;:&quot;yes&quot;}\" data-widget_type=\"video.default\">\n\t\t\t\t<div class=\"elementor-widget-container\">\n\t\t\t\t\t\t\t<div class=\"e-hosted-video elementor-wrapper elementor-open-inline\">\n\t\t\t\t\t<video class=\"elementor-video\" src=\"http:\/\/solarisclinicaudi.com.br\/wp-content\/uploads\/2022\/05\/Solaris-VIDEO-4K-30seg-novo.mp4\" controls=\"\" preload=\"metadata\" controlsList=\"nodownload\"><\/video>\n\t\t\t\t<\/div>\n\t\t\t\t\t\t<\/div>\n\t\t\t\t<\/div>\n\t\t\t\t\t<\/div>\n\t\t<\/div>\n\t\t\t\t\t<\/div>\n\t\t<\/section>\n\t\t\t\t<section class=\"elementor-section elementor-top-section elementor-element elementor-element-2925311 elementor-section-stretched elementor-section-boxed elementor-section-height-default elementor-section-height-default\" data-id=\"2925311\" data-element_type=\"section\" data-e-type=\"section\" data-settings=\"{&quot;stretch_section&quot;:&quot;section-stretched&quot;,&quot;background_background&quot;:&quot;classic&quot;}\">\n\t\t\t\t\t\t<div class=\"elementor-container elementor-column-gap-extended\">\n\t\t\t\t\t<div class=\"elementor-column elementor-col-100 elementor-top-column elementor-element elementor-element-d377d39 animated-fast elementor-invisible\" data-id=\"d377d39\" data-element_type=\"column\" data-e-type=\"column\" data-settings=\"{&quot;animation&quot;:&quot;fadeInUp&quot;}\">\n\t\t\t<div class=\"elementor-widget-wrap elementor-element-populated\">\n\t\t\t\t\t\t<section class=\"elementor-section elementor-inner-section elementor-element elementor-element-aa20057 elementor-section-boxed elementor-section-height-default elementor-section-height-default\" data-id=\"aa20057\" data-element_type=\"section\" data-e-type=\"section\">\n\t\t\t\t\t\t<div class=\"elementor-container elementor-column-gap-default\">\n\t\t\t\t\t<div class=\"elementor-column elementor-col-50 elementor-inner-column elementor-element elementor-element-592ecd4\" data-id=\"592ecd4\" data-element_type=\"column\" data-e-type=\"column\">\n\t\t\t<div class=\"elementor-widget-wrap elementor-element-populated\">\n\t\t\t\t\t\t<div class=\"elementor-element elementor-element-e434c87 elementor-view-default elementor-position-block-start elementor-mobile-position-block-start elementor-widget elementor-widget-icon-box\" data-id=\"e434c87\" data-element_type=\"widget\" data-e-type=\"widget\" data-widget_type=\"icon-box.default\">\n\t\t\t\t<div class=\"elementor-widget-container\">\n\t\t\t\t\t\t\t<div class=\"elementor-icon-box-wrapper\">\n\n\t\t\t\t\t\t<div class=\"elementor-icon-box-icon\">\n\t\t\t\t<span  class=\"elementor-icon\">\n\t\t\t\t<i aria-hidden=\"true\" class=\"far fa-comments\"><\/i>\t\t\t\t<\/span>\n\t\t\t<\/div>\n\t\t\t\n\t\t\t\t\t\t<div class=\"elementor-icon-box-content\">\n\n\t\t\t\t\t\t\t\t\t<h3 class=\"elementor-icon-box-title\">\n\t\t\t\t\t\t<span  >\n\t\t\t\t\t\t\tEntre em contato conosco e agende uma visita!\t\t\t\t\t\t<\/span>\n\t\t\t\t\t<\/h3>\n\t\t\t\t\n\t\t\t\t\n\t\t\t<\/div>\n\t\t\t\n\t\t<\/div>\n\t\t\t\t\t\t<\/div>\n\t\t\t\t<\/div>\n\t\t\t\t\t<\/div>\n\t\t<\/div>\n\t\t\t\t<div class=\"elementor-column elementor-col-50 elementor-inner-column elementor-element elementor-element-d6e0944\" data-id=\"d6e0944\" data-element_type=\"column\" data-e-type=\"column\">\n\t\t\t<div class=\"elementor-widget-wrap elementor-element-populated\">\n\t\t\t\t\t\t<div class=\"elementor-element elementor-element-e24c448 elementor-align-center elementor-widget elementor-widget-button\" data-id=\"e24c448\" data-element_type=\"widget\" data-e-type=\"widget\" data-widget_type=\"button.default\">\n\t\t\t\t<div class=\"elementor-widget-container\">\n\t\t\t\t\t\t\t\t\t<div class=\"elementor-button-wrapper\">\n\t\t\t\t\t<a class=\"elementor-button elementor-button-link elementor-size-xl\" href=\"https:\/\/api.whatsapp.com\/send?phone=5534998554236&#038;text=Ol%C3%A1%20estou%20no%20site%20da%20Cl%C3%ADnica%20Solaris%20e%20gostaria%20de%20maiores%20informa%C3%A7%C3%B5es...\" target=\"_blank\">\n\t\t\t\t\t\t<span class=\"elementor-button-content-wrapper\">\n\t\t\t\t\t\t<span class=\"elementor-button-icon\">\n\t\t\t\t<i aria-hidden=\"true\" class=\"fab fa-whatsapp\"><\/i>\t\t\t<\/span>\n\t\t\t\t\t\t\t\t\t<span class=\"elementor-button-text\">Fale Conosco  ...<\/span>\n\t\t\t\t\t<\/span>\n\t\t\t\t\t<\/a>\n\t\t\t\t<\/div>\n\t\t\t\t\t\t\t\t<\/div>\n\t\t\t\t<\/div>\n\t\t\t\t\t<\/div>\n\t\t<\/div>\n\t\t\t\t\t<\/div>\n\t\t<\/section>\n\t\t\t\t\t<\/div>\n\t\t<\/div>\n\t\t\t\t\t<\/div>\n\t\t<\/section>\n\t\t\t\t<\/div>\n\t\t","protected":false},"excerpt":{"rendered":"<p>Solaris cl\u00ednica Conhe\u00e7a a nossa hist\u00f3ria \u00a0 Sabemos bem o qu\u00e3o importante \u00e9 a autoestima e o bem estar para nossa sa\u00fade e mente. Pessoas confiantes e seguras, geralmente s\u00e3o mais felizes, o que reflete em nosso dia-a-dia, no trabalho, em casa, em nossos resultados. Com a miss\u00e3o de ajudar nossos pacientes na sua satisfa\u00e7\u00e3o &hellip; <br \/><a href=\"https:\/\/solarisclinicaudi.com.br\/index.php\/clinica-solares-sobre\/\" class=\"more-link\">Continuar<\/a><\/p>\n","protected":false},"author":1,"featured_media":2916,"parent":0,"menu_order":0,"comment_status":"closed","ping_status":"closed","template":"","meta":{"om_disable_all_campaigns":false,"_monsterinsights_skip_tracking":false,"_monsterinsights_sitenote_active":false,"_monsterinsights_sitenote_note":"","_monsterinsights_sitenote_category":0,"footnotes":""},"class_list":["post-1140","page","type-page","status-publish","has-post-thumbnail","hentry"],"aioseo_notices":[],"_links":{"self":[{"href":"https:\/\/solarisclinicaudi.com.br\/index.php\/wp-json\/wp\/v2\/pages\/1140","targetHints":{"allow":["GET"]}}],"collection":[{"href":"https:\/\/solarisclinicaudi.com.br\/index.php\/wp-json\/wp\/v2\/pages"}],"about":[{"href":"https:\/\/solarisclinicaudi.com.br\/index.php\/wp-json\/wp\/v2\/types\/page"}],"author":[{"embeddable":true,"href":"https:\/\/solarisclinicaudi.com.br\/index.php\/wp-json\/wp\/v2\/users\/1"}],"replies":[{"embeddable":true,"href":"https:\/\/solarisclinicaudi.com.br\/index.php\/wp-json\/wp\/v2\/comments?post=1140"}],"version-history":[{"count":27,"href":"https:\/\/solarisclinicaudi.com.br\/index.php\/wp-json\/wp\/v2\/pages\/1140\/revisions"}],"predecessor-version":[{"id":3835,"href":"https:\/\/solarisclinicaudi.com.br\/index.php\/wp-json\/wp\/v2\/pages\/1140\/revisions\/3835"}],"wp:featuredmedia":[{"embeddable":true,"href":"https:\/\/solarisclinicaudi.com.br\/index.php\/wp-json\/wp\/v2\/media\/2916"}],"wp:attachment":[{"href":"https:\/\/solarisclinicaudi.com.br\/index.php\/wp-json\/wp\/v2\/media?parent=1140"}],"curies":[{"name":"wp","href":"https:\/\/api.w.org\/{rel}","templated":true}]}}